{"id":228061,"date":"2025-04-02T13:43:39","date_gmt":"2025-04-02T11:43:39","guid":{"rendered":"https:\/\/judith-eggers.de\/?page_id=228061"},"modified":"2025-04-02T13:43:39","modified_gmt":"2025-04-02T11:43:39","slug":"karriere-kompass-anmeldung","status":"publish","type":"page","link":"https:\/\/staging25.judith-eggers.de\/index.php\/karriere-kompass-anmeldung\/","title":{"rendered":"Magazin KK Anmeldung"},"content":{"rendered":"<p><span style=\"\"><img decoding=\"async\" alt=\"\" data-id=\"228094\" width=\"305\" data-init-width=\"1414\" height=\"432\" data-init-height=\"2000\" title=\"Landingpage Karriere Kompass-2\" loading=\"lazy\" src=\"https:\/\/staging25.judith-eggers.de\/wp-content\/uploads\/Landingpage-Karriere-Kompass-2.png\" data-width=\"305\" data-height=\"432\" style=\"aspect-ratio: auto 1414 \/ 2000;\" ml-d=\"-1.6690000000000396\" mt-d=\"0\" center-h-d=\"false\" center-v-d=\"false\"><\/span><\/p>\n<h1 style=\"\">Das kostenlose<\/h1>\n<h1 style=\"\">Newsletter-Magazin&nbsp;<\/h1>\n<h1 style=\"\" data-hide=\"true\">f\u00fcr berufliche Klarheit&nbsp;<\/h1>\n<h1 style=\"text-align: left;\">und wirksame F\u00fchrung<\/h1>\n<h2 style=\"text-align: center;\">Der Karriere-Kompass bietet Ihnen:&nbsp;<\/h2>\n<ul>\n<li><span style=\"\"><strong data-end=\"373\" data-start=\"326\">Impulse f\u00fcr Klarheit und neue Perspektiven:<\/strong><strong data-end=\"373\" data-start=\"326\"><\/strong> Das Magazin liefert regelm\u00e4\u00dfig frische Denkanst\u00f6\u00dfe f\u00fcr berufliche Neuorientierung und wirksame Selbstf\u00fchrung \u2013 jenseits von Standardfloskeln.<\/span><\/li>\n<li><span><strong data-end=\"731\" data-start=\"702\">Mutmacher statt Ratgeber:<\/strong><strong data-end=\"731\" data-start=\"702\"><\/strong>Keine Patentrezepte, sondern echte Geschichten, die zeigen, wie andere ihren Weg gegangen sind \u2013 ehrlich, inspirierend und auf Augenh\u00f6he.<\/span><\/li>\n<li><span><strong data-end=\"898\" data-start=\"874\">F\u00fchrung neu gedacht:<\/strong><strong data-end=\"898\" data-start=\"874\"><\/strong> Aktuelle Ans\u00e4tze f\u00fcr moderne, menschliche F\u00fchrung \u2013 f\u00fcr alle, die mehr bewegen wollen als nur Prozesse.<\/span><\/li>\n<\/ul>\n<ul>\n<li><span><strong data-end=\"1043\" data-start=\"1007\">Reflexionsr\u00e4ume f\u00fcr kluge K\u00f6pfe:<\/strong><strong data-end=\"1043\" data-start=\"1007\"><\/strong> Jede Ausgabe l\u00e4dt zur Selbstreflexion ein \u2013 f\u00fcr Menschen, die nicht stehen bleiben wollen, sondern sich bewusst weiterentwickeln.<\/span><\/li>\n<li><span><strong data-end=\"1043\" data-start=\"1007\"><strong data-end=\"1220\" data-start=\"1178\">Exklusive Einblicke in Coachingthemen:<\/strong><\/strong>&nbsp;Fundierte Inhalte, aufbereitet f\u00fcr alle, die pers\u00f6nlich wachsen wollen.<\/span><\/li>\n<li><span><strong data-end=\"1043\" data-start=\"1007\"><strong data-end=\"1220\" data-start=\"1178\">Kompass in Ver\u00e4nderungszeiten:<\/strong><\/strong>&nbsp;In unruhigen Zeiten braucht es Orientierung, Klarheit und einen vertrauensw\u00fcrdigen Blick von au\u00dfen.<\/span><\/li>\n<\/ul>\n<h2 style=\"text-align: center;\">Das Newslettermagazin: KARRIERE-KOMPASS<\/h2>\n<h5 style=\"text-align: center;\"><strong>Erscheinungsweise<\/strong><\/h5>\n<p style=\"\">Vier bis f\u00fcnf Ausgaben<\/p>\n<p style=\"\">pro Jahr<\/p>\n<p><!--! Font Awesome Free 6.7.1 by @fontawesome - https:\/\/fontawesome.com License - https:\/\/fontawesome.com\/license\/free (Icons: CC BY 4.0, Fonts: SIL OFL 1.1, Code: MIT License) Copyright 2024 Fonticons, Inc. --><\/p>\n<h5 style=\"text-align: center;\"><strong>Format<\/strong><\/h5>\n<p style=\"\">Bl\u00e4tterbares Online-Magazin&nbsp;<\/p>\n<p style=\"\">(auch als PDF-Download)<\/p>\n<h5 style=\"text-align: center;\"><strong>Preis<\/strong><\/h5>\n<p style=\"\">0,00 \u20ac &#8211; das Magazin&nbsp;<\/p>\n<p style=\"\">ist komplett kostenfrei<\/p>\n<h2 style=\"text-align: center;\">Leseprobe<\/h2>\n<p style=\"text-align: center;\"><em>Ausz\u00fcge aus zwei Artikeln der Ausgabe 01-2025<\/em><\/p>\n<p><!--! Font Awesome Free 6.7.1 by @fontawesome - https:\/\/fontawesome.com License - https:\/\/fontawesome.com\/license\/free (Icons: CC BY 4.0, Fonts: SIL OFL 1.1, Code: MIT License) Copyright 2024 Fonticons, Inc. --><\/p>\n<p style=\"text-align: center;\">Ich will den Karriere-Kompass lesen und von Anfang an dabei sein<\/p>\n<p style=\"text-align: center; color: rgb(254, 249, 249) !important; --tcb-applied-color: rgb(254, 249, 249) !important;\">Mit dem Absenden des Formulars stimmen Sie dem Erhalt meines Newsletters sowie meines Newsletter-Magazins Karriere-Kompass zu. Sie k\u00f6nnen sich jederzeit mit einem Klick auf den Abmelde-Link am Ende jeder E-Mail wieder abmelden. Mehr Informationen finden Sie in der<a href=\"https:\/\/staging25.judith-eggers.de\/datenschutz\" target=\"_blank\" style=\"outline: none;\"><span style=\"color: var(--tcb-color-0) !important; --tcb-applied-color: var$(--tcb-color-0) !important;\">&nbsp;Datenschutzerkl\u00e4rung<\/span><\/a><\/p>\n<p style=\"\"><strong>Judith Eggers \u2013 Expertin f\u00fcr bewusste Karrieregestaltung<\/strong><\/p>\n<p>Ich unterst\u00fctze Fach- und F\u00fchrungskr\u00e4fte dabei, ihre Karriere aktiv zu steuern und berufliche Entscheidungen mit Klarheit und Strategie zu treffen.<\/p>\n<p>Wer seine St\u00e4rken gezielt einsetzt und alte Denkmuster hinterfragt, dem er\u00f6ffnen sich v\u00f6llig neue M\u00f6glichkeiten.<\/p>\n<p>Als Coach verbinde ich strategische Karriereplanung mit tiefgehender Reflexion. Ob der n\u00e4chste Karriereschritt, eine berufliche Neuausrichtung oder der Weg in die Selbstst\u00e4ndigkeit. &nbsp;Ich ermutige meine Klienten, Chancen zu erkennen, mutige Entscheidungen zu treffen. Eine Laufbahn zu gestalten, die nicht nur erfolgreich, sondern auch sinnerf\u00fcllt ist.<\/p>\n<p>Als ich meine erste F\u00fchrungsaufgabe \u00fcbernahm, war es der Klassiker. Rein ins kalte Wasser und fang an zu schwimmen. Viele Fehler h\u00e4tte ich vermeiden k\u00f6nnen. Eine Person zu haben, die unabh\u00e4ngig ist und mich betreut &#8211; das w\u00e4re eine gro\u00dfe Hilfe gewesen.<\/p>\n<p>Als Ihre Sparringpartnerin arbeite ich mit meinen Klienten an praktischen L\u00f6sungen f\u00fcr Ihre beruflichen Herausforderungen.<\/p>\n<p>Diese Erfahrungen und mein Experten-Wissen m\u00f6chte ich mit Ihnen in meinem neuen Magazin teilen.<\/p>\n","protected":false},"excerpt":{"rendered":"<p>Das kostenlose Newsletter-Magazin&nbsp; f\u00fcr berufliche Klarheit&nbsp; und wirksame F\u00fchrung Der Karriere-Kompass bietet Ihnen:&nbsp; Impulse f\u00fcr Klarheit und neue Perspektiven: Das Magazin liefert regelm\u00e4\u00dfig frische Denkanst\u00f6\u00dfe f\u00fcr berufliche Neuorientierung und wirksame Selbstf\u00fchrung \u2013 jenseits von Standardfloskeln. Mutmacher statt Ratgeber:Keine Patentrezepte, sondern echte Geschichten, die zeigen, wie andere ihren Weg gegangen sind \u2013 ehrlich, inspirierend und auf &#8230; <a title=\"Magazin KK Anmeldung\" class=\"read-more\" href=\"https:\/\/staging25.judith-eggers.de\/index.php\/karriere-kompass-anmeldung\/\" aria-label=\"Mehr Informationen \u00fcber Magazin KK Anmeldung\">Weiterlesen<\/a><\/p>\n","protected":false},"author":1,"featured_media":0,"parent":0,"menu_order":0,"comment_status":"closed","ping_status":"closed","template":"","meta":{"footnotes":""},"class_list":["post-228061","page","type-page","status-publish"],"_links":{"self":[{"href":"https:\/\/staging25.judith-eggers.de\/index.php\/wp-json\/wp\/v2\/pages\/228061","targetHints":{"allow":["GET"]}}],"collection":[{"href":"https:\/\/staging25.judith-eggers.de\/index.php\/wp-json\/wp\/v2\/pages"}],"about":[{"href":"https:\/\/staging25.judith-eggers.de\/index.php\/wp-json\/wp\/v2\/types\/page"}],"author":[{"embeddable":true,"href":"https:\/\/staging25.judith-eggers.de\/index.php\/wp-json\/wp\/v2\/users\/1"}],"replies":[{"embeddable":true,"href":"https:\/\/staging25.judith-eggers.de\/index.php\/wp-json\/wp\/v2\/comments?post=228061"}],"version-history":[{"count":0,"href":"https:\/\/staging25.judith-eggers.de\/index.php\/wp-json\/wp\/v2\/pages\/228061\/revisions"}],"wp:attachment":[{"href":"https:\/\/staging25.judith-eggers.de\/index.php\/wp-json\/wp\/v2\/media?parent=228061"}],"curies":[{"name":"wp","href":"https:\/\/api.w.org\/{rel}","templated":true}]}}