{"id":222384,"date":"2020-12-03T15:00:33","date_gmt":"2020-12-03T15:00:33","guid":{"rendered":"https:\/\/judith-eggers.eu\/clone-of-dankeschoen-newsletter-anmeldung-double-optin\/"},"modified":"2020-12-03T15:00:33","modified_gmt":"2020-12-03T15:00:33","slug":"freebie-bestaetigung-gehalt","status":"publish","type":"page","link":"https:\/\/staging25.judith-eggers.de\/index.php\/freebie-bestaetigung-gehalt\/","title":{"rendered":"Freebie-Gehalt &#8211; Best\u00e4tigung"},"content":{"rendered":"<p><span style=\"width: 100%;\"><img loading=\"lazy\" decoding=\"async\" title=\"Boss, ich will mehr GEld\" src=\"https:\/\/judith-eggers.com\/wp-content\/uploads\/Boss-ich-will-mehr-GEld.png\" alt=\"erfolgreiche Gehaltsverhandlungen\" width=\"356\" height=\"504\" data-id=\"222363\" data-width=\"356\" data-height=\"504\" data-init-width=\"1414\" data-init-height=\"2000\" \/><\/span><\/p>\n<h2 style=\"text-align: center;\">Fasst geschafft!<\/h2>\n<p style=\"text-align: center;\"><strong>Schritt 1<\/strong>Sie bekommen von mir eine E-Mail<\/p>\n<p style=\"text-align: center;\"><strong><span style=\"font-size: 17px;\">Schritt 2<\/span><\/strong><\/p>\n<p style=\"text-align: center;\"><span style=\"font-size: 17px;\">Bitte \u00f6ffnen Sie diese Email<\/span><\/p>\n<p style=\"text-align: center;\"><strong>Schritt 3<\/strong><\/p>\n<p style=\"text-align: center;\">Best\u00e4tigen Sie bitte, dass ich Ihnen den Leitfaden zusenden darf<\/p>\n<p>Sie finden die Best\u00e4tigungsmail nicht?<\/p>\n<p>Schauen Sie bitte in Ihrem Spam-Ordner nach, manchmal versteckt sich dort meine Best\u00e4tigungsmail.<\/p>\n<p>Falls Sie dort nichts finden, schicken Sie doch bitte eine Email, damit wir das Problem schnell l\u00f6sen.<\/p>\n<p>Email:\u00a0<span style=\"color: #a35776;\"><a style=\"outline: none;\" href=\"mailto:%20kontakt@judith-eggers.eu\" target=\"_blank\" rel=\"noopener noreferrer\">kontakt@judith-eggers.eu<\/a><\/span><\/p>\n","protected":false},"excerpt":{"rendered":"<p>Fasst geschafft! Schritt 1Sie bekommen von mir eine E-Mail Schritt 2 Bitte \u00f6ffnen Sie diese Email Schritt 3 Best\u00e4tigen Sie bitte, dass ich Ihnen den Leitfaden zusenden darf Sie finden die Best\u00e4tigungsmail nicht? Schauen Sie bitte in Ihrem Spam-Ordner nach, manchmal versteckt sich dort meine Best\u00e4tigungsmail. Falls Sie dort nichts finden, schicken Sie doch bitte &#8230; <a title=\"Freebie-Gehalt &#8211; Best\u00e4tigung\" class=\"read-more\" href=\"https:\/\/staging25.judith-eggers.de\/index.php\/freebie-bestaetigung-gehalt\/\" aria-label=\"Mehr Informationen \u00fcber Freebie-Gehalt &#8211; Best\u00e4tigung\">Weiterlesen<\/a><\/p>\n","protected":false},"author":1,"featured_media":0,"parent":0,"menu_order":43,"comment_status":"closed","ping_status":"closed","template":"","meta":{"footnotes":""},"class_list":["post-222384","page","type-page","status-publish"],"_links":{"self":[{"href":"https:\/\/staging25.judith-eggers.de\/index.php\/wp-json\/wp\/v2\/pages\/222384","targetHints":{"allow":["GET"]}}],"collection":[{"href":"https:\/\/staging25.judith-eggers.de\/index.php\/wp-json\/wp\/v2\/pages"}],"about":[{"href":"https:\/\/staging25.judith-eggers.de\/index.php\/wp-json\/wp\/v2\/types\/page"}],"author":[{"embeddable":true,"href":"https:\/\/staging25.judith-eggers.de\/index.php\/wp-json\/wp\/v2\/users\/1"}],"replies":[{"embeddable":true,"href":"https:\/\/staging25.judith-eggers.de\/index.php\/wp-json\/wp\/v2\/comments?post=222384"}],"version-history":[{"count":0,"href":"https:\/\/staging25.judith-eggers.de\/index.php\/wp-json\/wp\/v2\/pages\/222384\/revisions"}],"wp:attachment":[{"href":"https:\/\/staging25.judith-eggers.de\/index.php\/wp-json\/wp\/v2\/media?parent=222384"}],"curies":[{"name":"wp","href":"https:\/\/api.w.org\/{rel}","templated":true}]}}