{"id":215733,"date":"2018-06-25T14:42:11","date_gmt":"2018-06-25T14:42:11","guid":{"rendered":"https:\/\/judith-eggers.eu\/?page_id=215733"},"modified":"2018-06-25T14:42:11","modified_gmt":"2018-06-25T14:42:11","slug":"danke753fg-newsletter","status":"publish","type":"page","link":"https:\/\/staging25.judith-eggers.de\/index.php\/danke753fg-newsletter\/","title":{"rendered":"Dankesch\u00f6n-Newsletter Anmeldung"},"content":{"rendered":"<p><span style=\"width: 100%;\"><img decoding=\"async\" alt=\"\" width=\"625\" height=\"351\" title=\"Heero Newsletter 2026\" data-id=\"228599\" src=\"https:\/\/staging25.judith-eggers.de\/wp-content\/uploads\/Heero-Newsletter-2026.jpg\" style=\"aspect-ratio: auto 1920 \/ 1080;\" data-width=\"625\" data-height=\"351\" data-init-width=\"1920\" data-init-height=\"1080\" loading=\"lazy\" ml-d=\"-152\" center-h-d=\"false\"><\/span><\/p>\n<h1 style=\"text-align: left;\"><strong>Vielen Dank f\u00fcr Ihre Anmeldung zu meinem Karriere-Kompass!<\/strong><\/h1>\n<p>Es sind nur noch drei Schritte, dann sind Sie f\u00fcr meinen Karriere-Kompass angemeldet.<\/p>\n<p>Danach erhalten Sie Ihr Werte-Workbook.<\/p>\n<p>Sollten Sie in den n\u00e4chsten 15 bis 30 Minuten keine Email erhalten, \u00fcberpr\u00fcfen Sie bitte Ihren Spam-Ordner.<\/p>\n<p>Falls Sie dort nichts finden, schicken Sie doch bitte eine Email, damit wir das Problem schnell l\u00f6sen.<\/p>\n<p>Email:&nbsp;<a data-lt-tmp-id=\"lt-521332\" href=\"mailto:%20kontakt@judith-eggers.eu\" spellcheck=\"false\" style=\"outline: none;\" target=\"_blank\">kontakt@judith-eggers.de<\/a><\/p>\n<p><span><img decoding=\"async\" alt=\"Sparring\" data-id=\"227233\" width=\"221\" data-init-width=\"2400\" height=\"221\" data-init-height=\"2400\" title=\"\u00dcber mich\" loading=\"lazy\" src=\"https:\/\/staging25.judith-eggers.de\/wp-content\/uploads\/Judith-b-w-Fenster.jpg\" data-width=\"221\" data-height=\"221\" style=\"aspect-ratio: auto 2400 \/ 2400;\"><\/span><\/p>\n<p style=\"text-align: center;\"><strong>Schritt 1<\/strong><span>Sie haben eine Best\u00e4tigungsmail mit einem Link erhalten.<\/span><\/p>\n<p style=\"text-align: center;\"><strong><span style=\"font-size: 17px;\">Schritt 2<\/span><\/strong><\/p>\n<p style=\"text-align: center;\"><span style=\"font-size: 17px;\">\u00d6ffnen Sie diese Email<\/span><span style=\"font-size: 20px;\"><\/span><\/p>\n<p style=\"text-align: center;\"><strong>Schritt 3<\/strong><\/p>\n<p style=\"text-align: center;\"><span>Bitte klicken Sie auf den Link in dieser Mail, um die Anmeldung abzuschlie\u00dfen.<\/span><\/p>\n","protected":false},"excerpt":{"rendered":"<p>Vielen Dank f\u00fcr Ihre Anmeldung zu meinem Karriere-Kompass! Es sind nur noch drei Schritte, dann sind Sie f\u00fcr meinen Karriere-Kompass angemeldet. Danach erhalten Sie Ihr Werte-Workbook. Sollten Sie in den n\u00e4chsten 15 bis 30 Minuten keine Email erhalten, \u00fcberpr\u00fcfen Sie bitte Ihren Spam-Ordner. Falls Sie dort nichts finden, schicken Sie doch bitte eine Email, damit &#8230; <a title=\"Dankesch\u00f6n-Newsletter Anmeldung\" class=\"read-more\" href=\"https:\/\/staging25.judith-eggers.de\/index.php\/danke753fg-newsletter\/\" aria-label=\"Mehr Informationen \u00fcber Dankesch\u00f6n-Newsletter Anmeldung\">Weiterlesen<\/a><\/p>\n","protected":false},"author":1,"featured_media":0,"parent":0,"menu_order":43,"comment_status":"closed","ping_status":"closed","template":"","meta":{"footnotes":""},"class_list":["post-215733","page","type-page","status-publish"],"_links":{"self":[{"href":"https:\/\/staging25.judith-eggers.de\/index.php\/wp-json\/wp\/v2\/pages\/215733","targetHints":{"allow":["GET"]}}],"collection":[{"href":"https:\/\/staging25.judith-eggers.de\/index.php\/wp-json\/wp\/v2\/pages"}],"about":[{"href":"https:\/\/staging25.judith-eggers.de\/index.php\/wp-json\/wp\/v2\/types\/page"}],"author":[{"embeddable":true,"href":"https:\/\/staging25.judith-eggers.de\/index.php\/wp-json\/wp\/v2\/users\/1"}],"replies":[{"embeddable":true,"href":"https:\/\/staging25.judith-eggers.de\/index.php\/wp-json\/wp\/v2\/comments?post=215733"}],"version-history":[{"count":0,"href":"https:\/\/staging25.judith-eggers.de\/index.php\/wp-json\/wp\/v2\/pages\/215733\/revisions"}],"wp:attachment":[{"href":"https:\/\/staging25.judith-eggers.de\/index.php\/wp-json\/wp\/v2\/media?parent=215733"}],"curies":[{"name":"wp","href":"https:\/\/api.w.org\/{rel}","templated":true}]}}