{"id":101,"date":"2012-07-27T07:22:41","date_gmt":"2012-07-27T07:22:41","guid":{"rendered":"https:\/\/web77.atmexx.de\/?page_id=101"},"modified":"2012-07-27T07:22:41","modified_gmt":"2012-07-27T07:22:41","slug":"kontakt","status":"publish","type":"page","link":"https:\/\/staging25.judith-eggers.de\/index.php\/kontakt\/","title":{"rendered":"Kontakt"},"content":{"rendered":"<p>Der schnellste Weg, mich kennenzulernen: einfach einen Termin f\u00fcr ein gratis Impuls-Gespr\u00e4ch buchen.<\/p>\n<p>Wir treffen uns per Zoom und Sie stellen alle Fragen, die Sie bewegen.<\/p>\n<p>Ich freue mich auf Sie.<\/p>\n<h4 style=\"\">Alternativ k\u00f6nnen Sie direkt auch per Telefon oder E-Mail erreichen<\/h4>\n<p>Telefon: 05143-6693070E-Mail: kontakt@judith-eggers.de<\/p>\n<p>Oder Sie f\u00fcllen das Kontaktformular aus &#8211; dann werde mich umgehend mit Ihnen in Verbindung setzen.<\/p>\n","protected":false},"excerpt":{"rendered":"<p>Der schnellste Weg, mich kennenzulernen: einfach einen Termin f\u00fcr ein gratis Impuls-Gespr\u00e4ch buchen. Wir treffen uns per Zoom und Sie stellen alle Fragen, die Sie bewegen. Ich freue mich auf Sie. Alternativ k\u00f6nnen Sie direkt auch per Telefon oder E-Mail erreichen Telefon: 05143-6693070E-Mail: kontakt@judith-eggers.de Oder Sie f\u00fcllen das Kontaktformular aus &#8211; dann werde mich umgehend &#8230; <a title=\"Kontakt\" class=\"read-more\" href=\"https:\/\/staging25.judith-eggers.de\/index.php\/kontakt\/\" aria-label=\"Mehr Informationen \u00fcber Kontakt\">Weiterlesen<\/a><\/p>\n","protected":false},"author":1,"featured_media":0,"parent":0,"menu_order":53,"comment_status":"closed","ping_status":"closed","template":"","meta":{"footnotes":""},"class_list":["post-101","page","type-page","status-publish"],"_links":{"self":[{"href":"https:\/\/staging25.judith-eggers.de\/index.php\/wp-json\/wp\/v2\/pages\/101","targetHints":{"allow":["GET"]}}],"collection":[{"href":"https:\/\/staging25.judith-eggers.de\/index.php\/wp-json\/wp\/v2\/pages"}],"about":[{"href":"https:\/\/staging25.judith-eggers.de\/index.php\/wp-json\/wp\/v2\/types\/page"}],"author":[{"embeddable":true,"href":"https:\/\/staging25.judith-eggers.de\/index.php\/wp-json\/wp\/v2\/users\/1"}],"replies":[{"embeddable":true,"href":"https:\/\/staging25.judith-eggers.de\/index.php\/wp-json\/wp\/v2\/comments?post=101"}],"version-history":[{"count":0,"href":"https:\/\/staging25.judith-eggers.de\/index.php\/wp-json\/wp\/v2\/pages\/101\/revisions"}],"wp:attachment":[{"href":"https:\/\/staging25.judith-eggers.de\/index.php\/wp-json\/wp\/v2\/media?parent=101"}],"curies":[{"name":"wp","href":"https:\/\/api.w.org\/{rel}","templated":true}]}}